it of n?
4
Let g = -16 + 24. Suppose -2*k - g = -0. Let a = 11 + k. What is the units digit of a?
7
Let g(u) = 10*u + 12. Let v be g(-11). Let t = v + 143. What is the tens digit of t?
4
Let g(x) = 0*x**2 + 0*x - x + 2*x**2 - 1. Let f be g(3). Let y = -5 + f. What is the units digit of y?
9
Suppose -k = -1 - 3. Let n = 4 + k. Suppose -2*b - n = -4*b. What is the units digit of b?
4
Suppose 4*p + 2*k - 18 = 0, -3*k + 19 = 4*p - 2*p. Suppose 5*d - 63 = p. What is the units digit of d?
3
Let x = 729 - 418. What is the hundreds digit of x?
3
Let s(v) = 4*v + 3*v - 2*v + 18 - 6*v**2 - v. Let f(b) = 5*b**2 - 3*b - 17. Let q(h) = -5*f(h) - 4*s(h). What is the tens digit of q(0)?
1
What is the hundreds digit of (-1715)/(-15) - 6/(-9)?
1
Let a = 33 + -23. What is the units digit of a?
0
Let n be 7 - -3*4/(-6). Let w = n + -3. Suppose -w*p + 3*p = 9. What is the units digit of p?
9
Let m = -28 - -333. What is the tens digit of m?
0
Let s(m) = -m**3 - 3*m**2 + 7*m. Let p be s(-5). Suppose -65 = -o - p. What is the tens digit of (-1)/5 - (-610)/o?
1
Suppose -3*l + 226 = z, 0 = -5*l + 2*z + 253 + 120. Suppose 2*j + j = l. What is the units digit of j/4 - (-4)/(-16)?
6
Suppose 0 = 4*r + 2606 - 414. What is the tens digit of (-4)/18 + r/(-36)?
1
Suppose -i - 3*d = 27, -4*d + 23 = 3. Let s = -22 - i. What is the tens digit of s?
2
Suppose 0 = -4*k - s + 132, 3*k + 3*s - 80 = 10. What is the tens digit of k?
3
Suppose 99 = 5*a - 61. What is the tens digit of a?
3
Suppose 3*y = 2*y - l + 134, 2*l = 2*y - 276. What is the tens digit of y?
3
Let y = -19 + 27. Let w(v) = -v - 4. Let x be w(-4). Let l = y + x. What is the units digit of l?
8
Let a = 12 + -6. Suppose a*d = d - 40. What is the units digit of d/(-28) - (-33)/7?
5
What is the units digit of 2/(-7) - ((-650)/35)/2?
9
Let j = 39 + -21. What is the units digit of (-12)/42 - j/(-14)?
1
What is the tens digit of (12/8)/((-1)/(-48))?
7
Suppose -4*i = -5*h + 159, -2*h + 1 - 11 = 0. Let o = i - -86. Suppose -4*k + 0*k + o = 0. What is the units digit of k?
0
Let w(v) = -3*v - 7. Let d = -22 - -8. What is the units digit of w(d)?
5
Let c(p) = p**3 + 7*p**2 + 2*p - 8. Let m(a) = -a**3 - 7*a**2 - 4*a + 6. Let l be 9*(2 + 24/(-9)). Let o be m(l). What is the units digit of c(o)?
6
Suppose 43 + 465 = 4*j. What is the hundreds digit of j?
1
Let x = 1 - -1. Let s(q) = q**2 + q - 1. Let d be s(x). Suppose -v + 7 = z, 3*z + 0*z + 3 = d*v. What is the units digit of v?
3
Let d be (-1 - -1)*(-2)/(-4). Let z be d + -6*(-2)/3. Suppose -z*s - 9 = -5*g, -5*g + 23 - 2 = -s. What is the units digit of s?
4
Suppose -4*v + 2*o = -7*v, 5*o = v. Let h be (-1)/(v - (-3)/(-6)). Suppose 5*g - 4 = -w - 11, h*w - 28 = 4*g. What is the units digit of w?
8
Suppose -3*z + 2 + 7 = 0. Suppose -2*j - u + z*u - 2 = 0, -2*j + 3*u = 6. Suppose j*v = v + 10. What is the units digit of v?
5
Let w = 4 + -4. Suppose -4*t - 5*q = -13, 0 = -5*t - w*t + 2*q + 8. What is the units digit of t?
2
Suppose 219 + 231 = 5*a. What is the units digit of a?
0
What is the units digit of 4 - ((-20)/(-5) - 71)?
1
Let i(n) = 2*n**2 - 3*n + 4. What is the tens digit of i(-3)?
3
Suppose 4*l - a - 1981 = 0, -1497 = -3*l + 4*a - a. Let j be 12/42 - l/14. Let h = -19 - j. What is the units digit of h?
6
Let x(i) = -3*i - 2. What is the tens digit of x(-8)?
2
Let b = -22 + 32. What is the units digit of b?
0
Let v(i) = -i**3 - 2*i**2 + i. Let z be v(1). Let j be ((-1)/z)/(1/4). Suppose 42 = -j*s + 4*s. What is the units digit of s?
1
Let b(x) = x**2 + 15*x - 1. Let c be b(-16). Let o(s) = s**2 - 12*s + 2. What is the units digit of o(c)?
7
What is the tens digit of (-4 - -7) + -2 + 10?
1
Suppose -2*g - 2*g = -80. Suppose -3*c + g = 2*c. Let s(i) = -i + 5. What is the units digit of s(c)?
1
Let n be ((-2)/(-2))/(10/20). Suppose -n*l + l = -14. What is the tens digit of l?
1
Let r = -9 + 14. Suppose -83 = -r*j - 18. Let n = j + -3. What is the units digit of n?
0
Let l = 8 - -1. What is the units digit of l?
9
Let g = 4 - 7. Let n(z) = -z**2 - 3*z. Let u be n(g). What is the units digit of u/(-1) - (-9 - -2)?
7
Let y be (164/2)/((-4)/(-2)). Suppose 2*g - 5*k - 8 + 1 = 0, 4*g - k - y = 0. What is the tens digit of g?
1
Let y = 5 + -6. What is the tens digit of (-156)/(-8) - y/2?
2
Suppose 22 = -5*l + 72. What is the units digit of 35/2*8/l?
4
Let c(a) = 3*a**2 + a + 6 + 0 - 9 + 0. Let d be 1 + 1*-3 - 1. What is the units digit of c(d)?
1
Let f(t) = -t**2 - 11*t + 14. Let k be f(-12). What is the units digit of 2*(-2)/(-8)*k?
1
Suppose 2*n = -2*n - 28. Let y(i) = -i**2 - 9*i - 2. What is the tens digit of y(n)?
1
Suppose 0 = 2*z + 2*o - 44, 2*z + o - 114 = -3*z. What is the units digit of z?
3
Let p be 0 - 1 - (-2 + 1). Suppose p = k + k - 8. What is the units digit of k?
4
Suppose -4*n + x = -592, 3*n + 2*x - 444 = 6*x. What is the hundreds digit of n?
1
Let x be 7 - 3 - (2 + -2). Suppose 18 = -x*n + 86. What is the tens digit of n?
1
Suppose 0*y = y + 24. Let q = y - -40. What is the units digit of q?
6
What is the units digit of 2/10 + 504/5?
1
Let v(q) = -3*q - 5. What is the units digit of v(-6)?
3
Let k = 0 - -232. What is the tens digit of k?
3
Let o be -3 - ((-4)/(-2) + -1). Let q be 1 + (-2)/o*2. What is the units digit of ((-3)/(-3))/(q/16)?
8
Suppose -3*l - 8 - 1 = 0. What is the tens digit of 0 + -1 - -33 - l?
3
Suppose 0 = -2*c + 2*o + 48, 2*c - o - 42 - 2 = 0. What is the tens digit of c?
2
Suppose 0 = -0*u - 2*u + 104. What is the tens digit of u?
5
Let o = 121 + -22. What is the tens digit of o?
9
Suppose -5*h + 22 = -3*y + 167, 2*y - 103 = -3*h. What is the tens digit of y?
5
Let g(k) be the third derivative of k**5/60 + k**4/8 + k**3/3 - 3*k**2. What is the units digit of g(-4)?
6
Suppose 5*y - 5*h - 160 = 200, -3*y - 3*h = -234. What is the units digit of y?
5
Let i(y) = -y**2 - 8*y - 9. Let p be 22/(-4) + (-2)/4. Let f be i(p). Suppose -5*t = 4*c - 3*t - 32, -2*c = -f*t - 8. What is the units digit of c?
7
Suppose 0*y - 5*s - 5 = 2*y, -4*s + 8 = 4*y. Let a be 2/(-2) - (-1 - 5). Suppose a*w = -25, -2*j + 0*j - y*w - 21 = 0. What is the units digit of j?
2
Let x = 2 - -2. Suppose 9 = -x*n + 33. What is the units digit of n?
6
Let s(r) be the second derivative of -r**4/12 + 5*r**3/2 + 7*r**2/2 + r. What is the units digit of s(13)?
3
Suppose -7*y + 4*y = -6. Suppose 6*p - 5*p - y = 0. Let g(o) = 11*o + 1. What is the tens digit of g(p)?
2
What is the tens digit of 4*(101/4 + -4)?
8
Let p(z) = 7*z**2 + 21*z - 5. Let h(c) = -4*c**2 - 11*c + 3. Let m(k) = -5*h(k) - 3*p(k). What is the tens digit of m(-5)?
1
Suppose -16 = -0*q - 4*q - 4*h, -3*q = h - 14. Suppose -k + 11 = -3*v, -16 = -5*k + 5*v - 3*v. Let g = q + k. What is the units digit of g?
7
Let s(g) = -3*g + 9. What is the units digit of s(-8)?
3
What is the units digit of (-2 - 2)*-1 + 31?
5
What is the tens digit of (-4)/10 + 462/30?
1
Let y(p) = 2*p - 5. Let k be y(4). Suppose -3 - 3 = -3*t. Suppose -k*z + 25 = t*z. What is the units digit of z?
5
Let n be (-4)/(-16) + 68/(-16). What is the tens digit of (-45)/2*n/3?
3
Suppose f - 2*z + 11 = -7*z, 3*f = -4*z + 11. Suppose -3*a + 4*a = -f. What is the units digit of 6/a*-3*5?
0
Suppose 2*f - 1 = 3. Suppose 3*x - 3 = -f*c, 2*c = 2*x - 2 - 10. What is the tens digit of ((-15)/(-10))/(c/(-26))?
1
Let n(v) = -89*v - 11. What is the hundreds digit of n(-4)?
3
Let t = 11 - 5. Suppose s - t = 1. What is the units digit of s?
7
Let c = 11 - 9. Suppose -w + 3*k = 22, -w + c*k + 3*k = 26. Let y = 26 + w. What is the units digit of y?
0
Let o(q) = 26*q**3 + 2*q**2 + q. Let b be o(-1). Suppose -i = -5*u + 175, 5*i + 33 + 107 = 4*u. Let z = u + b. What is the tens digit of z?
1
Suppose -2*u = -u - 29. Suppose -4*s + u = -71. What is the units digit of s?
5
Suppose -57 = m - 4*m. What is the tens digit of m?
1
Let n(b) = 2*b**2 - 1. Let p be n(3). Let k = p - 8. What is the units digit of k?
9
Let o(j) = -2*j**3 - j**2 + 3*j - 1. Let x be o(-4). Suppose 2*p - n - x = -4*n, 2*p = 4*n + 120. Suppose 0 = 4*k - p + 2. What is the tens digit of k?
1
Let i(g) = -g**2 - g + 10. Suppose 4*s = -s. What is the tens digit of i(s)?
1
Suppose -2*u - 199 = -3*c + 3*u, -2*c - 3*u = -139. Suppose -2*n + 6*n - c = 0. What is the units digit of n?
7
Let y(i) = 4*i + 3 - 2*i - 4. 